 of 33936 and 5118624.
336
What is the greatest common divisor of 1252182 and 6?
6
Calculate the highest common factor of 6958 and 304492517.
3479
Calculate the highest common divisor of 119300 and 26200.
100
What is the greatest common divisor of 176336568 and 56?
8
What is the highest common factor of 4 and 22403276?
4
What is the highest common factor of 142680 and 309345?
615
What is the highest common divisor of 31561268 and 3448?
1724
Calculate the highest common divisor of 132591 and 97851.
579
What is the greatest common divisor of 444832 and 47392?
32
What is the highest common divisor of 144 and 7568082?
18
What is the highest common factor of 51210896 and 48?
16
What is the highest common divisor of 210 and 99913485?
105
What is the greatest common factor of 80748 and 916?
4
What is the greatest common factor of 29557 and 15630279?
2687
What is the highest common factor of 266 and 6888868?
266
Calculate the greatest common divisor of 2420 and 56822260.
220
What is the highest common divisor of 865752012 and 48?
12
Calculate the highest common divisor of 480 and 56350520.
40
Calculate the highest common divisor of 2932291 and 3705238.
12269
Calculate the highest common factor of 272 and 668432.
16
What is the highest common factor of 681 and 83028201?
681
What is the greatest common factor of 44979592 and 52?
4
Calculate the highest common divisor of 36 and 118436412.
12
Calculate the highest common factor of 1745317 and 47929.
1169
Calculate the greatest common factor of 95391 and 14499.
27
Calculate the highest common factor of 1025644 and 2176.
68
What is the highest common factor of 5046 and 32802?
6
What is the highest common divisor of 2277 and 12476442?
759
Calculate the highest common divisor of 7400 and 8508520.
1480
What is the greatest common factor of 2119339569 and 82?
41
Calculate the highest common divisor of 79894 and 2012214.
1858
Calculate the greatest common divisor of 3056 and 869380048.
3056
Calculate the highest common divisor of 7 and 48609043.
7
What is the greatest common factor of 300806548 and 28?
28
What is the greatest common divisor of 284 and 13794022?
142
What is the greatest common factor of 465633 and 167270?
389
What is the highest common divisor of 987940667 and 21?
7
Calculate the greatest common divisor of 2445 and 975735930.
2445
What is the greatest common factor of 83 and 2857192?
83
What is the greatest common factor of 615 and 14825395?
205
What is the greatest common divisor of 193466870 and 30?
10
Calculate the greatest common factor of 65 and 61139819.
13
What is the greatest common factor of 9012953 and 639?
71
Calculate the highest common factor of 3160 and 45512.
8
What is the highest common factor of 54320 and 7882000?
560
What is the greatest common factor of 13906 and 1228636?
818
Calculate the highest common divisor of 11579040 and 12320.
1760
What is the greatest common divisor of 4512 and 5252704?
32
What is the highest common divisor of 1445 and 6485466?
17
Calculate the highest common factor of 38547 and 27.
9
Calculate the greatest common factor of 271630 and 22108320.
11810
What is the greatest common divisor of 3374 and 43694746?
482
Calculate the greatest common factor of 118 and 137194234.
118
Calculate the highest common divisor of 95936 and 1555962.
2998
Calculate the highest common factor of 5193 and 4581957.
1731
What is the highest common factor of 46125 and 293875?
125
What is the highest common factor of 2841611 and 2260?
113
Calculate the greatest common divisor of 2650 and 513517.
53
Calculate the highest common divisor of 1532 and 998481.
383
Calculate the greatest common divisor of 11010496 and 34496.
3136
Calculate the highest common factor of 1337 and 10905527.
191
Calculate the highest common divisor of 1254111 and 22740.
1137
What is the greatest common divisor of 121203 and 18657?
27
Calculate the greatest common divisor of 1397773 and 234.
13
Calculate the greatest common factor of 2 and 8044910.
2
What is the highest common divisor of 358542020 and 12840?
2140
Calculate the greatest common factor of 125937 and 837.
9
What is the greatest common divisor of 37837017 and 189?
27
What is the highest common divisor of 67983 and 215?
43
Calculate the highest common factor of 333 and 358789.
37
What is the greatest common divisor of 22844 and 596?
4
Calculate the greatest common factor of 237979 and 1883.
7
Calculate the highest common factor of 69104 and 2912.
112
What is the greatest common divisor of 1751192 and 14656?
8
Calculate the greatest common factor of 5237100 and 23400.
900
Calculate the greatest common factor of 205 and 35071195.
205
What is the greatest common factor of 29 and 4080793?
29
Calculate the highest common divisor of 49 and 234850.
7
What is the highest common divisor of 40 and 34113620?
20
Calculate the greatest common divisor of 56147541 and 2077.
2077
Calculate the greatest common factor of 4368 and 4313816.
104
What is the greatest common factor of 836666 and 443244?
1718
What is the highest common divisor of 7 and 55163150?
7
What is the highest common divisor of 2934992 and 976?
16
Calculate the highest common factor of 489566 and 3370318.
4046
What is the greatest common factor of 1944 and 25840728?
216
Calculate the highest common divisor of 253328 and 14413.
71
Calculate the highest common divisor of 370242262 and 218.
218
Calculate the highest common factor of 43031 and 14615.
37
What is the highest common factor of 11402974 and 732?
122
What is the greatest common divisor of 7168 and 88488064?
896
What is the greatest common factor of 9149226 and 162?
6
Calculate the greatest common divisor of 36 and 381768384.
12
Calculate the greatest common divisor of 1155 and 203865.
15
Calculate the highest common divisor of 414310 and 124930.
130
What is the greatest common divisor of 222932446 and 22?
22
Calculate the greatest common factor of 1963 and 140687606.
151
Calculate the greatest common factor of 170844876 and 8217.
747
What is the greatest common divisor of 2026355 and 2360?
295
What is the greatest common factor of 266321797 and 40516?
10129
What is the greatest common factor of 33576224 and 352?
352
What is the greatest common divisor of 28205252 and 12?
4
Calculate the highest common factor of 27900665 and 65.
65
Calculate the greatest common factor of 363 and 343140149.
121
Calculate the highest common divisor of 964 and 48264106.
482
Calculate the greatest common divisor of 46412963 and 6322.
3161
What is the highest common factor of 113328 and 26964?
36
Calculate the highest common divisor of 26 and 150148778.
26
Calculate the greatest common divisor of 495 and 3378420.
45
Calculate the highest common divisor of 4666293 and 81.
9
What is the highest common factor of 46407 and 5109760?
499
Calculate the greatest common divisor of 122467737 and 63.
21
What is the highest common factor of 5034 and 53303348?
1678
What is the greatest common divisor of 38901224 and 68856?
1208
What is the highest common factor of 34925 and 26708?
11
Calculate the greatest common divisor of 40 and 6067624.
8
Calculate the greatest common divisor of 34215440 and 595.
35
What is the greatest common factor of 10107629 and 28?
7
Calculate the highest common divisor of 1160272 and 335280.
2032
Calculate the highest common divisor of 26824650 and 150.
150
What is the highest common divisor of 488 and 765963092?
244
Calculate the highest common factor of 78474731 and 152.
19
What is the greatest common divisor of 1450 and 145706150?
1450
What is the greatest common factor of 9732 and 138156?
12
What is the greatest common divisor of 603 and 1578519?
9
Calculate the highest common factor of 512 and 2295388.
4
Calculate the highest common divisor of 3457252 and 211459.
2053
Calculate the highest common divisor of 128098658 and 237.
79
Calculate the greatest common factor of 46575162 and 21708.
162
Calculate the greatest common divisor of 127323915 and 315.
15
Calculate the greatest common divisor of 22179280 and 944.
944
Calculate the highest common factor of 9685 and 13628732.
1937
What is the highest common divisor of 25670 and 1452310?
170
What is the highest common divisor of 4210146 and 62712?
1206
Calculate the highest common factor of 4268